097 prime?
True
Is 13415 a prime number?
False
Is 2843 prime?
True
Is 3019 composite?
False
Is 2179 a composite number?
False
Is 269597 a composite number?
False
Is 112781 a composite number?
True
Is 1397 a prime number?
False
Is 8951 a prime number?
True
Is 7859 prime?
False
Is 216863 a composite number?
True
Is 1649 composite?
True
Is 20861 a composite number?
True
Is 16183 prime?
True
Is 4618 prime?
False
Is 312197 a prime number?
True
Is 7283 a composite number?
False
Is 77278 prime?
False
Is 13522 prime?
False
Is 1091939 prime?
True
Is 394123 a composite number?
False
Is 2951 a composite number?
True
Is 9533 a prime number?
True
Is 685849 a prime number?
True
Is 21247 a prime number?
True
Is 1233487 a prime number?
False
Is 379513 a prime number?
True
Is 44663 a composite number?
True
Is 2014409 a prime number?
False
Is 29473 a prime number?
True
Is 9599 prime?
False
Is 26354 a prime number?
False
Is 11521 a prime number?
False
Is 759881 a prime number?
True
Is 1345 a composite number?
True
Is 251 a prime number?
True
Is 5261629 prime?
True
Is 14621 a composite number?
False
Is 127 prime?
True
Is 1753 composite?
False
Is 3992519 composite?
False
Is 1566847 a composite number?
False
Is 66137 a prime number?
True
Is 1774 prime?
False
Is 52051 a composite number?
False
Is 251 composite?
False
Is 52529 composite?
False
Is 8663 a prime number?
True
Is 159893 a composite number?
True
Is 337813 a composite number?
True
Is 3659 a prime number?
True
Is 8782 prime?
False
Is 5191 prime?
False
Is 74149 prime?
True
Is 200373 a prime number?
False
Is 385889 composite?
True
Is 530161 a prime number?
False
Is 1349471 a composite number?
False
Is 8749 prime?
False
Is 8651 composite?
True
Is 508813 composite?
True
Is 147281 a composite number?
True
Is 307357 composite?
True
Is 22109 composite?
False
Is 55291 a composite number?
False
Is 198734 composite?
True
Is 57469 composite?
True
Is 15601 prime?
True
Is 30757 a composite number?
False
Is 3187797 a prime number?
False
Is 1253 a composite number?
True
Is 11053 prime?
False
Is 507289 composite?
False
Is 1397 prime?
False
Is 7859 a composite number?
True
Is 49451 a prime number?
True
Is 13479 a prime number?
False
Is 341049 prime?
False
Is 1198421 prime?
False
Is 10487 a prime number?
True
Is 735541 a composite number?
True
Is 58817 prime?
False
Is 43867 a composite number?
False
Is 83639 a composite number?
False
Is 317827 a composite number?
False
Is 171517 composite?
False
Is 303515 prime?
False
Is 2095 composite?
True
Is 527173 a composite number?
False
Is 674431 prime?
True
Is 2179 a composite number?
False
Is 149639 a composite number?
True
Is 88937 composite?
False
Is 21001 composite?
False
Is 482527 composite?
False
Is 11359 prime?
False
Is 615811 composite?
True
Is 3601 a prime number?
False
Is 108677 a prime number?
True
Is 600857 a composite number?
False
Is 25433 a composite number?
True
Is 97331 composite?
True
Is 150349 a prime number?
False
Is 47563 composite?
False
Is 7297 a composite number?
False
Is 36758 a composite number?
True
Is 24317 a composite number?
False
Is 1525607 prime?
True
Is 15527 composite?
False
Is 420349 prime?
True
Is 67369 a prime number?
True
Is 4036063 a prime number?
False
Is 9521 a prime number?
True
Is 31677 composite?
True
Is 60773 prime?
True
Is 278843 composite?
False
Is 9127 a prime number?
True
Is 100447 composite?
False
Is 31169 a prime number?
False
Is 67453 a prime number?
True
Is 56365 prime?
False
Is 402263 a prime number?
True
Is 5789 a composite number?
True
Is 4127 composite?
False
Is 1769 prime?
False
Is 11783 a prime number?
True
Is 6805 prime?
False
Is 69841 composite?
True
Is 2665619 prime?
False
Is 19373 composite?
False
Is 339433 prime?
True
Is 155197 a composite number?
True
Is 751629 prime?
False
Is 691553 prime?
True
Is 1658629 composite?
True
Is 907 a prime number?
True
Is 310531 composite?
True
Is 2609 prime?
True
Is 2016059 prime?
True
Is 69017 a composite number?
True
Is 447985 prime?
False
Is 5779 a prime number?
True
Is 403433 prime?
True
Is 184721 a prime number?
True
Is 127799 a composite number?
True
Is 17663 a prime number?
False
Is 486011 a composite number?
True
Is 193133 a composite number?
False
Is 55487 composite?
False
Is 1195859 composite?
True
Is 96623 composite?
True
Is 30939 prime?
False
Is 70631 prime?
False
Is 4049 composite?
False
Is 59957 prime?
True
Is 18283 composite?
True
Is 539893 composite?
True
Is 16597 composite?
True
Is 117763 composite?
False
Is 305317 prime?
False
Is 2293617 composite?
True
Is 711313 composite?
True
Is 418391 composite?
False
Is 9489 a composite number?
True
Is 91391 composite?
True
Is 189337 composite?
False
Is 579559 a prime number?
False
Is 636133 a prime number?
True
Is 533723 a prime number?
True
Is 15706 composite?
True
Is 11987 a prime number?
True
Is 40451 composite?
True
Is 413783 prime?
True
Is 410127 a prime number?
False
Is 787907 prime?
True
Is 79661 a prime number?
False
Is 198071 a composite number?
True
Is 9986 composite?
True
Is 28369 composite?
True
Is 24517 composite?
False
Is 18589 a prime number?
False
Is 68621 a prime number?
False
Is 29186 prime?
False
Is 317 composite?
False
Is 2125127 composite?
True
Is 63109 prime?
False
Is 13123 a composite number?
True
Is 1768997 prime?
False
Is 159977 a composite number?
False
Is 122699 composite?
True
Is 250071 composite?
True
Is 443791 a prime number?
True
Is 6729 a composite number?
True
Is 4379467 a composite number?
False
Is 28403 a composite number?
False
Is 822733 composite?
True
Is 617245 a prime number?
False
Is 53939 composite?
False
Is 113341 prime?
True
Is 387211 prime?
False
Is 32297 composite?
False
Is 29863 prime?
True
Is 15449 a composite number?
True
Is 102385 a prime number?
False
Is 18053 a prime number?
False
Is 173155 a composite number?
True
Is 4987 a composite number?
False
Is 10589 a prime number?
True
Is 5623 prime?
True
Is 487 prime?
True
Is 211777 a composite number?
False
Is 40057 prime?
False
Is 20593 composite?
False
Is 91367 prime?
True
Is 454501 a prime number?
True
Is 98405 a composite number?
True
Is 76303 prime?
True
Is 44314 a prime number?
False
Is 1867 prime?
True
Is 86461 a composite number?
False
Is 314857 a prime number?
False
Is 15349 a composite number?
False
Is 516049 prime?
True
Is 40417 a composite number?
True
Is 94873 a prime number?
True
Is 51123 composite?
True
Is 29037 prime?
False
Is 45037 prime?
False
Is 8999 a composite number?
False
Is 9523 a prime number?
False
Is 69109 a composite number?
False
Is 524431 a prime number?
False
Is 2062637 prime?
True
Is 121031 a composite number?
True
Is 43919 composite?
True
Is 265033 prime?
False
Is 88277 composite?
True
Is 111467 composite?
False
Is 12199 prime?
False
Is 335833 composite?
False
Is 333149 composite?
True
Is 6331 a composite number?
True
Is 2477 prime?
True
Is 304693 composite?
True
Is 69919 prime?
False
Is 166147 composite?
False
Is 479 a composite number?
False
Is 11981 a composite number?
False
Is 34267 a composite number?
False
Is 1508621 composite?
False
Is 47098 a composite number?
True
Is 4265 composite?
True
Is 13501 a composite number?
True
Is 39745 a composite number?
True
Is 4567 composite?
False
Is 49499 a prime number?
True
Is 18743 a prime number?
True
Is 19223 composite?
True
Is 839 a prime number?
True
Is 59803 prime?
False
Is 25523 a prime number?
True
Is 528281 a prime number?
False
Is 221282 prime?
False
Is 27519 prime?
False
Is 20363 a composite number?
True
Is 2521 a composite number?
False
Is 587 prime?
True
Is 1249 composite?
False
Is 11017 prime?
False
Is 919081 prime?
True
Is 9626 a prime number?
False
Is 69887 a prime number?
False
Is 1523 a prime number?
True
Is 50951 a prime number?
True
Is 468491 prime?
True
Is 2328509 a prime number?
True
Is 1201 a composite number?
False
Is 108527 composite?
True
Is 10279 a prime number?
False
Is 28051 composite?
False
Is 503543 a prime number?
True
Is 23251 composite?
False
Is 50185 a prime number?
False
Is 2424113 composite?
False
Is 25969 prime?
True
Is 16559 a composite number?
True
Is 509723 prime?
True
Is 356947 prime?
True
Is 1838167 a prime number?
True
Is 2819 composite?
False
Is 9923 a composite number?
False
Is 4045 a composite number?
True
Is 39